 be ((-17628)/(-15))/((-4)/(-20)). Suppose 5*y - 8*y + 5*t = -h, 4*t - 7824 = -4*y. Is y composite?
True
Suppose -1940 = -0*t - 5*t. Suppose -5*h - t = -2*a, 4*h - 21 + 409 = 2*a. Let g = a + -33. Is g composite?
True
Suppose -3*y = -4*o - 548 - 1738, -5*o + 2259 = 3*y. Suppose 1931 + y = 5*p - 4*c, 0 = -3*p + c + 1619. Is p a composite number?
False
Let w(f) = 19*f**2 - 9*f - 6. Let z(d) = -20*d**2 + 8*d + 7. Let n(s) = -3*w(s) - 2*z(s). Let m be n(-7). Let r = m - -1547. Is r prime?
True
Let q(u) = 128*u. Let v be q(10). Suppose -2*b = -6*b + v. Let f = b - 193. Is f a composite number?
False
Suppose -4*u + 2187 + 169 = 0. Is u a prime number?
False
Let t(a) = 2*a - 3 - 3*a**2 + a - a - 3*a - 42*a**3. Let m be t(-4). Suppose m = 4*f + 701. Is f prime?
False
Suppose -2*d + 3*f - 14 = 3*d, 4*d + 19 = 5*f. Is ((-6394)/(-23))/(1 - d) composite?
False
Let k(o) = -o + 5. Let w be k(0). Suppose -w*l = -2*t + 38, 3*l + 3*t - 2*t + 14 = 0. Is ((-36)/(-24))/(l/(-16)) a composite number?
True
Suppose t - 2 = -0. Suppose x + 3*x + 2*m = -16, -3*x = -t*m - 2. Is (-703)/(-2) - 3/x a composite number?
False
Let v = 4654 + -2183. Is v prime?
False
Let c(a) = a**2 - 10*a - 83. Is c(36) composite?
False
Let g = 42 + -80. Is (57/g)/((-6)/1384) a composite number?
True
Let g be (-3 + (-28)/(-8))*-8. Let q = g - -3. Is ((-2)/4)/(q/446) a prime number?
True
Is (-450)/100*43174/(-9) prime?
True
Let j = -2647 - -5478. Is j a prime number?
False
Let k(v) = -21*v - 8. Let r(d) = -43*d - 16. Let u(y) = 7*k(y) - 3*r(y). Is u(-13) a composite number?
True
Let x(z) = -9*z**3 + z**2 + z - 1. Let k be x(1). Let f(t) = t + 10. Let r be f(k). Is 111*(r - 1) + -2 prime?
True
Let w(g) = -g**2 - 7*g - 6. Let d be w(-6). Suppose 4*z + k + 2 = d, 0 = -3*z + 5*k - 0 + 10. Suppose -b + 6 + 49 = z. Is b prime?
False
Let j be (-2892)/(-10) + (-2)/10. Let t = -34 + 38. Suppose -5*a - 284 - j = -3*d, d = t*a + 191. Is d composite?
False
Suppose -a + 4*z + 1011 = 0, 0*z - 5*z = -3*a + 3033. Is a a prime number?
False
Let g = -58 - -60. Suppose g*k - 157 = -t, -2*k - 4*t + 99 = -55. Is k prime?
True
Suppose -3*f + 1627 + 9280 = h, 3645 = f - 2*h. Is f prime?
True
Is 21/12 + 23/((-1380)/(-148275)) composite?
False
Let h = 59434 - -63735. Is h prime?
True
Let h be (-7*(5 + -4))/(-1). Suppose h*v - 5633 + 1335 = 0. Is v a prime number?
False
Suppose -3*s - 4*c + 4 = 0, 0*c + 4 = 2*s + 4*c. Suppose -3*j + 2*j + 1651 = s. Is j a composite number?
True
Let z = 2549 + -1810. Is (z/1)/(3/3) a composite number?
False
Suppose -3*f - 6 = -f. Let d(o) = 2*o**2 + 5*o + 4. Let z be d(f). Suppose -z*x + 452 = -5*x. Is x prime?
False
Suppose -3*x - 12 = 0, -1317 - 9665 = -3*r - x. Is r composite?
True
Let q be ((-20)/15)/(2/(-12)). Suppose o + q = 5. Let n = 416 + o. Is n composite?
True
Is (-17 - -23) + (0 - -81) composite?
True
Let y be 40/30 - 599/(-3). Let q = -56 + y. Is q prime?
False
Let d(f) = 1760*f**2 + 2*f + 4. Let r = -34 - -33. Is d(r) a composite number?
True
Let i(o) = -550*o - 263. Is i(-6) a composite number?
False
Suppose 8*m - 3*m = 30765. Suppose -2*z = -7*v + 4*v + m, -6168 = -3*v - 3*z. Is v composite?
False
Let r(h) = 5405*h + 166. Is r(5) a composite number?
False
Suppose w + 5*t - 7609 = 0, -3*w + 6284 + 16543 = 2*t. Is w prime?
False
Let r(q) = q**3 - 13*q**2 + 11*q - 1. Let b be r(12). Let g(p) = -p**3 - 12*p**2 - 18*p - 14. Is g(b) a prime number?
True
Let q(m) = m**3 + 10*m**2 - 11*m + 4. Let t be q(-11). Suppose -j + 1 = -w, 3*w + 39 = t*j + 6*w. Suppose s + j*u - 98 = 3*u, 5*u = -25. Is s composite?
False
Suppose 818 + 2164 = 5*n + h, -1779 = -3*n - 4*h. Suppose -2*p - p + n = 0. Let w = p - -320. Is w a composite number?
True
Let t(p) = -p**2 - 13*p - 24. Suppose 3*g = 6*g + 30. Let v be t(g). Suppose 5*z - v = 104. Is z a prime number?
False
Let d(o) = 33*o + 25. Let g be d(-7). Let c = g + 732. Is c prime?
False
Let p(k) = 5*k**3 - 6*k**2 - 3*k - 12. Let j be p(5). Let x = j + -141. Is x composite?
False
Let f = 2977 - 1904. Is f composite?
True
Is ((-155784)/(-36))/(6/9) a prime number?
True
Is 2/(-4) - 357539/(-26) a composite number?
False
Suppose 4*v + 6 = 30. Suppose 2*k + 10 = -5*n, -2*n + v*k - 18 = 4*k. Is (-1 + 939 - 1) + n a composite number?
True
Let j = 1111 - 660. Suppose j = 2*l + o, -4*o - 347 - 79 = -2*l. Is l a composite number?
False
Let j(n) = 2*n - 23. Let u be j(14). Suppose -432 = -u*r + 9*r. Let q = -39 - r. Is q a composite number?
True
Suppose -139*l - 1655623 = -13849676. Is l prime?
False
Suppose 0*f = -3*f + 9, -3*j + 1293 = f. Suppose 0 = -2*k + 4*q - j, q = -2*k - 4*q - 439. Let n = 376 + k. Is n composite?
True
Let j(n) = 15*n - 9. Let h be j(-16). Let r(a) = 13*a**2 - 1. Let f be r(1). Is ((-8)/f)/(2/h) prime?
True
Let f be -1059*(-1)/3*2. Let u be (-1 - (-15)/9)/((-4)/(-18)). Suppose f = u*k + 73. Is k a prime number?
True
Suppose 5*k + 6*r = 3*r + 15, 3*r - 15 = 2*k. Suppose -2*j - 142 - 882 = k. Is j/(-6) + (-7)/21 prime?
False
Suppose 2*x = 4*w - 4, 0 = 3*x - 7*x + w - 8. Is (6250/(-5) - -4)/x a prime number?
False
Let h be 0*5/((-20)/2). Suppose 3*f - 1336 - 4961 = h. Is f a prime number?
True
Let x = -1695 + 2404. Is x composite?
False
Let z(n) = 2*n**3 + n**2 + n + 562. Let r be z(0). Suppose -5*t = 3*v - 3228 - r, -v = t - 760. Is t composite?
True
Let a(s) = -19*s + 16 - 63*s - 89*s. Is a(-7) a composite number?
False
Suppose 4 + 16 = 5*f. Suppose 2*x = -2*z - 4, 2*x - 5 = -z - f*z. Let m(u) = 16*u + 5. Is m(z) composite?
False
Let u = 40062 - -17409. Is u a composite number?
True
Let z(g) = 67*g**2 - 46*g + 8. Is z(19) a prime number?
True
Let w(z) = 9*z**2 - 7*z - 3. Let t(k) = -13*k**2 + 11*k + 4. Let u(g) = -5*t(g) - 7*w(g). Is u(-7) a composite number?
True
Let s(j) = -2*j - 1. Let f be s(-3). Suppose -2*x + 114 = -4*q, -124 = -5*x - f*q + 131. Suppose -5*o = -v + x + 11, 0 = -4*v + 4*o + 240. Is v composite?
False
Let b = 32 + 669. Is b a prime number?
True
Let k(m) = 44*m**2 + 32*m + 25. Is k(16) prime?
True
Let a(z) be the third derivative of 7*z**6/360 - 17*z**5/120 - 5*z**4/24 + 9*z**2. Let w(s) be the second derivative of a(s). Is w(9) a composite number?
False
Suppose -2*m + 4*h + 5 = 5*h, 3 = 2*m + 3*h. Suppose 0 = -m*a + 1179 + 1155. Suppose 3*n - 2440 = -a. Is n a composite number?
True
Suppose 4*f - 6 = 10. Let z(j) = -j**3 + 7*j**2 + 2*j + 6. Is z(f) a composite number?
True
Let w be (-64)/80 + (-8)/(-10). Suppose w = 4*r - 1558 + 234. Is r a composite number?
False
Suppose -2*a + o + 12 = 0, -4*a - a + 5*o + 40 = 0. Suppose -6*s = -a*s - 14. Suppose s*t - 1204 = 3*t. Is t a composite number?
True
Is 17521 + 4 + (-11)/(33/12) a composite number?
True
Let k(p) = p**3 - p**2 - p + 6. Is k(7) prime?
True
Suppose -6 = -l + 3*v, -3*l + 4*v + 1 = -7. Suppose l = 3*d - j - 3643, 3627 = 3*d - 0*j + 3*j. Is d a prime number?
True
Suppose -3*k - 40934 = -5*j, 23*j - 8197 = 22*j + 4*k. Is j a composite number?
True
Suppose -4*z + 2*z = -30. Suppose 0 = -8*r + 3*r + z. Suppose -k - 2*s = -73, 0 = k + r*s - 81 + 5. Is k a composite number?
False
Let i = 54 + 34. Let x = 211 + i. Is x a composite number?
True
Let o(c) = -8*c - 4 + 2 - 7*c + c**2 + 21*c. Is o(-11) prime?
True
Suppose -7*l + 44929 - 2096 = 0. Is l a prime number?
False
Let y(j) = -54. Let g(b) = -b - 1. Let h(a) = -g(a) - y(a). Is h(-18) a composite number?
False
Suppose 4*j - 2*f = 5438, -3*f = j + 3*j - 5453. Suppose 5*t - j = -2*v, -4*v = -3*t + 7*t - 2704. Is v composite?
False
Suppose 4*i - 7944 = 2*p, 0 = -3*p - 2*i - 4578 - 7354. Is (-3)/9 + p/(-12) prime?
True
Let h(r) be the second derivative of 5*r**4/4 - r**3/6 - 3*r**2 - 3*r. Let j be h(3). Suppose -3*d + j = -357. Is d prime?
False
Let a(o) be the first derivative of -o**4/2 - 4*o**3 - 2*o**2 - 5*o + 16. Is a(-9) prime?
False
Suppose -83095 = -5*j - d, -4*j = -13*d + 11*d - 66476. Is j composite?
False
Let h = 39747 - 20050. Is h prime?
True
Let j(v) = 512*v + 37. Is j(17) a prime number?
True
Let s(g) = -g - 1. Let l be s(-7). Is (l/12)/(3/2910) prime?
False
Is ((-52)/104)/((-2)/46876) a prime number?
True
Let m(p) = -42*p + 1. Let a = -13 - -15. Let z be m(a). Let j = z + 240. Is j composite?
False
Let g(u) = -2 - 2*u - 2*u + 3 - u**2. Let p be g(-3). Suppose 388 = p*n - 336. Is n a composite